te -2 + 2 + 2 + (-3 - 3).
-4
What is -3 - (8 - (19 - 1))?
7
Calculate 0 - 4 - (-11 + -3 + 7).
3
What is the value of 6 - (-1 - -1 - 6 - -18)?
-6
What is the value of 23 + -7 + -9 + -5 + -3?
-1
7 + -1 - (6 - 4)
4
(8 - 2) + -6 - -4
4
Evaluate -2 - ((1 - (2 + 5)) + 10).
-6
Calculate (0 - 1) + -2 + -3 + 2.
-4
What is the value of -2 - (-1 - (-1 + (6 - 5)))?
-1
Evaluate 2 - -2 - (-4 + 3).
5
What is the value of -5 - (3 + (-1 - 2))?
-5
5 + 1 + -6 + -1 + 2
1
What is the value of 1 + (3 + -3 - 4)?
-3
What is 3 + 8 - 5 - 2?
4
What is 6 - (1 - (3 + -3))?
5
Calculate 7 - (6 - (0 + 1)).
2
What is (-1 - -7) + 3 - 19?
-10
What is the value of (-7 - 0) + 9 + (1 - 5)?
-2
What is the value of -3 - (-3 + (4 + -3 - 1))?
0
Calculate 1 + 3 + -6 + 3.
1
What is the value of (0 - -2) + (5 - 8) - 1?
-2
What is the value of (5 - -2) + 2 + -9 - 0?
0
What is 3 - (-2 + -1 - -1 - 0)?
5
Calculate -2 - (-3 + 0 - 1).
2
What is the value of 17 + -33 - -18 - (-1 + 5)?
-2
Calculate -7 - -1 - (7 + -11).
-2
Evaluate 12 - 13 - (1 - -5).
-7
Calculate (-8 - (7 - 11)) + 0 + 0.
-4
What is the value of (-4 - -6) + (2 + -2 - 5)?
-3
Calculate -1 + -8 + -5 + 16.
2
Calculate (1 - 5) + (9 - (1 - -2)).
2
Evaluate (-3 + -8 - -5 - -10) + -9.
-5
((3 - 3) + -3 - 3) + 1
-5
Evaluate (-5 - 2) + (-23 - -13) + 10.
-7
What is -28 - -28 - (-1 + 3 + -2)?
0
Evaluate (-4 - 1) + 4 + -6 - -4.
-3
What is 6 + -2 + -2 + 2?
4
What is -7 - ((2 + -1 - 6) + 0)?
-2
What is 10 - 4 - 4 - (5 + -3)?
0
Evaluate 2 + -7 + 2 + 2.
-1
(2 + -7 - -13) + -5
3
What is 3 + -6 + 3 - -3 - 3?
0
What is the value of 4 + 4 - 8 - -7?
7
What is 4 + (-5 - (1 + 1))?
-3
What is -7 - (3 - 5 - 2)?
-3
Calculate (0 - 1) + (-72 - -68).
-5
What is (-15 - (-14 + 11)) + (7 - 0)?
-5
1 + 2 - (3 - 5)
5
What is (7 + 0 - 14) + 1?
-6
Calculate -4 - (-11 + 3 - -5).
-1
What is 2 + 9 + (15 - 23)?
3
What is the value of 0 + 2 + (-2 - 1) - 3?
-4
Evaluate (3 - 8) + 2 + 1.
-2
What is the value of (1 - 1) + -6 + 4 + -2?
-4
What is -4 - ((7 - -5) + -19)?
3
Evaluate (-10 - -12) + (-3 - 0).
-1
Calculate (2 - 1) + -1 + (11 - 6).
5
76 - 81 - (0 - 7)
2
Calculate 4 + (-4 - -5) + -1.
4
What is the value of 3 + -2 + 2 - 4?
-1
Evaluate -2 + 2 + -3 + 9 + -2.
4
Calculate (11 - 0) + -14 + 10.
7
What is the value of 3 + 1 + -2 + 2 + -4?
0
What is the value of -5 + -3 + 6 + -1?
-3
Evaluate -1 - (-6 + (-10 - -8)).
7
Calculate 12 + (-9 - -5) + -6.
2
(-1 + 7 - 5) + 0
1
What is the value of -1 - (7 - 9 - (-2 - 1))?
-2
(-2 - 2) + (6 - -2) + -7
-3
1 - ((-4 - -3) + 5)
-3
8 - (2 + -4) - 5
5
What is the value of 4 - 4 - 7 - -2?
-5
What is -2 + 6 + -3 - 3?
-2
What is (12 + 6 - 17) + (0 - 8)?
-7
Calculate (0 + 2 - 0 - 2) + -2.
-2
(-2 - 0) + -3 - (2 + -7)
0
-2 - (6 - 4) - -4
0
What is 3 + -2 - (-10 - -8) - 3?
0
What is (-2 - 3) + -1 + 3 - -8?
5
Evaluate -11 - (0 - (-4 + 6)).
-9
(3 - -6 - 15) + 6 + 1
1
What is -43 + 47 + 0 + 0 + 1?
5
What is 3 + 2 + (-18 - -13)?
0
What is the value of -7 + 7 + (0 - -3) + -5?
-2
Evaluate 0 + (0 + -4 - 0).
-4
Evaluate 1 - (5 + -7 - 3 - -1).
5
What is the value of 1 + -4 - -2 - (-3 - 0)?
2
What is the value of -3 - (10 + -7 - -3 - 20)?
11
What is -4 - 1 - (13 - (-13 - -26))?
-5
Calculate 0 - (-1 - (-3 + -3)).
-5
Evaluate 5 + -15 + 9 + -4 + -5.
-10
Calculate -4 + 4 + (-2 + 6 - 0).
4
Calculate (0 - (-3 + 7)) + 1.
-3
Evaluate (8 - 7 - (0 - -1)) + -5.
-5
Calculate -1 + 0 - (28 + -28).
-1
What is (12 - 15) + 2 + -2 + -4?
-7
Evaluate 217 - 205 - (-1 + 8).
5
Evaluate 2 + -2 + -5 - -1.
-4
What is (3 - 1) + 17 + -13?
6
What is the value of -8 + (2 - 4 - (-3 + -2))?
-5
What is the value of -6 - (0 + (-6 - (10 + 1)))?
11
What is 2 + -3 - -8 - 1?
6
Calculate 3 + -1 + 1 + 15 + -17.
1
What is (1 - 2) + 4 - 8?
-5
What is (-2 - -1) + 5 - 0?
4
-2 + (9 - 4 - -1) - 4
0
(0 - -6) + -4 + (0 - 2)
0
Calculate 1 + -10 - (6 + -15 + 4).
-4
What is the value of 2 - (-9 + 3 + -3 - -5)?
6
What is (-12 - -10) + -2 + 14?
10
Evaluate (19 + -17 - (-3 + 13)) + -3.
-11
What is the value of -7 + 10 + (4 - (12 + -6))?
1
What is -3 + (3 - (7 - 5)) - -9?
7
Calculate (4 - (-9 - -16)) + (-1 - -4).
0
What is the value of -3 + 3 + -1 + -1?
-2
What is the value of -1 + -5 - (-3 + 0 + -1)?
-2
Calculate -7 + (17 + 1 - (42 - 35)).
4
What is the value of -3 + (23 + -11 - 6)?
3
Calculate (2 - (2 + 5)) + 10.
5
What is the value of (-1 + -1 - (2 - 7)) + -3?
0
(-12 - (-6 + -4)) + -1
-3
Evaluate (17 - 20) + -2 + (-1 - -2).
-4
Calculate 0 - (9 + -5 + -2).
-2
Calculate 2 + -6 - (-27 + 22).
1
Calculate -3 + -1 + 2 + -1 + 7.
4
-16 - (-4 + (2 - 8))
-6
-2 + 10 - (-7 - -16)
-1
Evaluate -7 + -15 + 14 + -1.
-9
Evaluate -10 + 0 - -17 - 12.
-5
Calculate 25 + (-1 - 5) + -11.
8
What is the value of -6 + (-3 + 4 - (-7 - -1))?
1
Calculate -1 + (-1 - 2 - 1).
-5
(7 - 8) + (2 - -8 - 1)
8
Evaluate -2 - 6 - (-2 + 0 + -1).
-5
What is the value of 8 - 2 - (3 - (-1 + 4))?
6
Calculate (-6 - (-4 - 0) - -2) + 4.
4
What is 0 + 2 + -4 + 4 - 0?
2
What is the value of (-2 - (-2 - -1)) + 49 + -48?
0
What is the value of (-4 - (-1 - 3) - -3) + -4?
-1
Calculate 10 + -17 + 9 + -9.
-7
What is the value of 0 - (-9 - (-4 - (-1 - -1)))?
5
2 + (-4 - 3) - (2 - 2)
-5
What is the value of (2 - -1) + (-2 - -1)?
2
What is the value of 11 + (0 + 6 + -11 - 2)?
4
What is -7 + 9 + (-6 - 4) + 1?
-7
Calculate 0 - (5 + -11 - -1).
5
Calculate (3 - 2) + (-7 - -17 - 18).
-7
What is -2 - ((-2 - -2) + 1) - 2?
-5
Calculate -2 - (-1 + -3) - 5.
-3
Calculate 2 + (-5 + 3 - -16) + -7.
9
Calculate (-70 + 67 - (0 - -6)) + 4.
-5
What is the value of -4 + 3 + -1 + -3?
-5
Calculate -5 + (10 - (8 - 5)).
2
4 - (3 + -3 - -4)
0
(-5 + -2 - -10 - 6) + -6
-9
Calculate -1 + (-7 - (-3 - 1)) + 13.
9
Calculate -8 + 2 + -3 + 7.
-2
(-14 - -3 - -15) + 0
4
What is the value of 1 + 0 + (13 - 18)?
-4
What is -3 - (-12 + 13 + -10)?
6
What is (0 - 3) + 3 + 1?
1
Evaluate (5 - (-13 - (-3 - 4))) + -4.
7
What is -5 + (0 + 5 - -2)?
2
Evaluate 0 + -1 + -3 + 1.
-3
(-2 - -5) + 0 + 3 + -7
-1
What is 0 - (3 - (-7 - -4 - -1))?
-5
-2 - -1 - (5 + -6)
0
Evaluate 1 + -6 + 4 - (0 - -3).
-4
Calculate (-3 - (-1 - 2)) + -1 + 3.
2
Evaluate (5 - (4 + 4)) + -1.
-4
Evaluate -17 - ((-10 - -7) + -8).
-6
Evaluate -1 - -1 - (-3 + 2 + -2).
3
-2 + 1 + (2 - (-2 - -6))
-3
What is the value of 0 + -3 + (-4 - -2)?
-5
What is the value of 5 - (7 - (4 - -1))?
3
Evaluate 1 - (2 + -4) - 1 - 0.
2
What is the value of -3 - (-1 + 0 + 3 + -4)?
-1
What is 4 + (-5 - -2) + (-3 - -4)?
2
Calculate -7 - 1 - (6 - 10).
-4
Evaluate 0 - (2 - (5 + (-6 - -4))).
1
Calculate 4 + (0 + -4 - 1) - 4.
-5
What is the value of -1 + -1 + 36 + -35?
-1
Evaluate 36 + -28 + -5 + 1.
4
What is the value of (-6 - -6) + (-3 - (2 + -4))?
-1
Calculate 3 - (2 + 2) - (-2 + 3).
-2
Evaluate -2 + -6 + (-4 - -8).
-4
Evaluate -7 + 5 - (-11 + 4).
5
Calculate -2 - (-3 + 2 + -5).
4
What is 1 - -5 - (8 - 8)?
6
What is the value of 7 - (-10 - -7 - -7)?
3
6 + (2 - 2) - (-22 - -33)
-5
Evaluate -76 + 70 + (-1 - -6).
-1
Evaluate 1 - -2 - (10 - 3).
-4
What is the value of -4 + (10 - (4 + -5 + 3))?
4
What is the value of 4 + (4 - 4) + 2 + -5?
1
Calculate -1 + 0 - (6 + -7 + 4).
-4
What is 8 + (-14 - (-14 + 1))?
7
What is the value of 9 - (-4 + 0 - (-7 + -1))?
5
Evaluate 7 + (5 - 11) + 1.
2
What is the value of (-3 - -5) + (3 - 1)?
4
What is 0 + 2 + -4 - (-1 + 3)?
-4
Calculate -2 + 3 - (-21 - -29).
-7
What is -7 - (5 - (-8 - (-13 + -1)))?
-6
What is the value of 4 - (1 + -4 + 4)?
3
What is (4 - -1) + -3 + -4?
-2
Calculate -20 - -19 - (-1 + -1 + 1).
0
Evaluate (-5 - -6) + (2 - 3).
0
Calculate 57 + -68 + 0 + 5.
-6
-11 - (2 + 9 - 22)
0
Calculate 7 + 6 - 5 - (-3 - -4).
7
What is the value of -23 + 22 - (-5 - (1 - 0))?
5
Evaluate -4 + 18 - (-1 - -9).
6
Calculate -3 - 2 - -6 - 4.
-3
-4 - (-2 - -4 - (10 + -8))
-4
What is the value of -8 - (0 - -3 - 7)?
-4
Evaluate (-2 - -5) + 2 + -9.
-4
Calculate -2 - ((2 - 3) + 0 + -5).
4
Evaluate (-17 - -21) + 1 + 0.
5
Evaluate 2 - 5 - ((1 - -1) + -6).
1
Evaluate 5 - (-2 + 7) - -1.
1
What is (-4 - -2) + 0 + (3 - 6)?
-5
What is the value of -3 - (3 - 3) - -2?
-1
-2 + -4 + 1 + (3 - 4)
-6
Evaluate -32 - -21 - (-3 - 0).
-8
What is the value of 3 + 4 + -3 + -3 + 4?
5
Calculate -1 + (-7 - -4) + (1 - 2).
-5
What is 5 + -5 + (1 - -1 - 0)?
2
What is the value of 0 - 6 - (-20 + 21)?
-7
Evaluate -2 + -3 + 7 + -6.
-4
What is (10 - 1) + -11 + 3?
1
What is the value o